









{"version":"1.0","provider_name":"Peoplesphere","provider_url":"https:\/\/peoplesphere.be\/fr","title":"Mobilisation n\u00e9cessaire pour faire face \u00e0 la p\u00e9nurie d'enseignants. - Peoplesphere","type":"rich","width":600,"height":338,"html":"<blockquote class=\"wp-embedded-content\" data-secret=\"sXw21oG9XC\"><a href=\"https:\/\/peoplesphere.be\/fr\/mobilisation-necessaire-faire-face-a-penurie-denseignants\/\">Mobilisation n\u00e9cessaire pour faire face \u00e0 la p\u00e9nurie d&rsquo;enseignants.<\/a><\/blockquote><iframe sandbox=\"allow-scripts\" security=\"restricted\" src=\"https:\/\/peoplesphere.be\/fr\/mobilisation-necessaire-faire-face-a-penurie-denseignants\/embed\/#?secret=sXw21oG9XC\" width=\"600\" height=\"338\" title=\"\u00ab\u00a0Mobilisation n\u00e9cessaire pour faire face \u00e0 la p\u00e9nurie d&rsquo;enseignants.\u00a0\u00bb &#8212; Peoplesphere\" data-secret=\"sXw21oG9XC\" frameborder=\"0\" marginwidth=\"0\" marginheight=\"0\" scrolling=\"no\" class=\"wp-embedded-content\"><\/iframe><script type=\"text\/javascript\">\n\/*! This file is auto-generated *\/\n!function(c,d){\"use strict\";var e=!1,o=!1;if(d.querySelector)if(c.addEventListener)e=!0;if(c.wp=c.wp||{},c.wp.receiveEmbedMessage);else if(c.wp.receiveEmbedMessage=function(e){var t=e.data;if(!t);else if(!(t.secret||t.message||t.value));else if(\/[^a-zA-Z0-9]\/.test(t.secret));else{for(var r,s,a,i=d.querySelectorAll('iframe[data-secret=\"'+t.secret+'\"]'),n=d.querySelectorAll('blockquote[data-secret=\"'+t.secret+'\"]'),o=new RegExp(\"^https?:$\",\"i\"),l=0;l<n.length;l++)n[l].style.display=\"none\";for(l=0;l<i.length;l++)if(r=i[l],e.source!==r.contentWindow);else{if(r.removeAttribute(\"style\"),\"height\"===t.message){if(1e3<(s=parseInt(t.value,10)))s=1e3;else if(~~s<200)s=200;r.height=s}if(\"link\"===t.message)if(s=d.createElement(\"a\"),a=d.createElement(\"a\"),s.href=r.getAttribute(\"src\"),a.href=t.value,!o.test(a.protocol));else if(a.host===s.host)if(d.activeElement===r)c.top.location.href=t.value}}},e)c.addEventListener(\"message\",c.wp.receiveEmbedMessage,!1),d.addEventListener(\"DOMContentLoaded\",t,!1),c.addEventListener(\"load\",t,!1);function t(){if(o);else{o=!0;for(var e,t,r,s=-1!==navigator.appVersion.indexOf(\"MSIE 10\"),a=!!navigator.userAgent.match(\/Trident.*rv:11\\.\/),i=d.querySelectorAll(\"iframe.wp-embedded-content\"),n=0;n<i.length;n++){if(!(r=(t=i[n]).getAttribute(\"data-secret\")))r=Math.random().toString(36).substr(2,10),t.src+=\"#?secret=\"+r,t.setAttribute(\"data-secret\",r);if(s||a)(e=t.cloneNode(!0)).removeAttribute(\"security\"),t.parentNode.replaceChild(e,t);t.contentWindow.postMessage({message:\"ready\",secret:r},\"*\")}}}}(window,document);\n<\/script>\n","thumbnail_url":"https:\/\/peoplesphere.be\/fr\/wp-content\/uploads\/2023\/06\/20230605teacher.jpg","thumbnail_width":800,"thumbnail_height":534,"description":"Conscient des enjeux mat\u00e9rialis\u00e9s par la p\u00e9nurie d\u2019enseignants pour l\u2019avenir du march\u00e9 du travail, Randstad s\u2019est inscrit, aupr\u00e8s de la Fondation pour l\u2019Enseignement, dans plusieurs projets visant \u00e0 travailler sur la reconversion professionnelle vers le secteur de l\u2019Enseignement."}

Mobilisation nécessaire pour faire face à la pénurie d'enseignants. - Peoplesphere

<blockquote class="wp-embedded-content" data-secret="sXw21oG9XC"><a href="https://peoplesphere.be/fr/mobilisation-necessaire-faire-face-a-penurie-denseignants/">Mobilisation nécessaire pour faire face à la pénurie d&rsquo;enseignants.</a></blockquote><iframe sandbox="allow-scripts" security="restricted" src="https://peoplesphere.be/fr/mobilisation-necessaire-faire-face-a-penurie-denseignants/embed/#?secret=sXw21oG9XC" width="600" height="338" title="« Mobilisation nécessaire pour faire face à la pénurie d&rsquo;enseignants. » &#8212; Peoplesphere" data-secret="sXw21oG9XC" frameborder="0" marginwidth="0" marginheight="0" scrolling="no" class="wp-embedded-content"></iframe><script type="text/javascript">
/*! This file is auto-generated */
!function(c,d){"use strict";var e=!1,o=!1;if(d.querySelector)if(c.addEventListener)e=!0;if(c.wp=c.wp||{},c.wp.receiveEmbedMessage);else if(c.wp.receiveEmbedMessage=function(e){var t=e.data;if(!t);else if(!(t.secret||t.message||t.value));else if(/[^a-zA-Z0-9]/.test(t.secret));else{for(var r,s,a,i=d.querySelectorAll('iframe[data-secret="'+t.secret+'"]'),n=d.querySelectorAll('blockquote[data-secret="'+t.secret+'"]'),o=new RegExp("^https?:$","i"),l=0;l<n.length;l++)n[l].style.display="none";for(l=0;l<i.length;l++)if(r=i[l],e.source!==r.contentWindow);else{if(r.removeAttribute("style"),"height"===t.message){if(1e3<(s=parseInt(t.value,10)))s=1e3;else if(~~s<200)s=200;r.height=s}if("link"===t.message)if(s=d.createElement("a"),a=d.createElement("a"),s.href=r.getAttribute("src"),a.href=t.value,!o.test(a.protocol));else if(a.host===s.host)if(d.activeElement===r)c.top.location.href=t.value}}},e)c.addEventListener("message",c.wp.receiveEmbedMessage,!1),d.addEventListener("DOMContentLoaded",t,!1),c.addEventListener("load",t,!1);function t(){if(o);else{o=!0;for(var e,t,r,s=-1!==navigator.appVersion.indexOf("MSIE 10"),a=!!navigator.userAgent.match(/Trident.*rv:11\./),i=d.querySelectorAll("iframe.wp-embedded-content"),n=0;n<i.length;n++){if(!(r=(t=i[n]).getAttribute("data-secret")))r=Math.random().toString(36).substr(2,10),t.src+="#?secret="+r,t.setAttribute("data-secret",r);if(s||a)(e=t.cloneNode(!0)).removeAttribute("security"),t.parentNode.replaceChild(e,t);t.contentWindow.postMessage({message:"ready",secret:r},"*")}}}}(window,document);
</script>

Conscient des enjeux matérialisés par la pénurie d’enseignants pour l’avenir du marché du travail, Randstad s’est inscrit, auprès de la Fondation pour l’Enseignement, dans plusieurs projets visant à travailler sur la reconversion professionnelle vers le secteur de l’Enseignement.
